se -3 - r = 2*b. Give d(b).
1
Let z(q) = 2*q + 50. Let t = 13888 + -13866. Calculate z(t).
94
Let t(l) = -l**2 + 974*l + 20906. Let y be t(-21). Let k(i) be the first derivative of i**4/4 - 10*i**3/3 - 6*i**2 + 8*i + 3. Calculate k(y).
-3
Let q(s) = -s**3 + 14*s**2 + 12. Suppose y = -p + 84 - 74, 4*y - 76 = 5*p. Calculate q(y).
12
Let w(x) = 2*x**2 + 6*x - 23. Let r be w(-5). Let y(p) = p**2 - p - 7. Give y(r).
5
Let i(j) = -2*j - 8. Suppose -3*l = -2*u + 59, 63 = -16*u + 18*u + l. Suppose 5 = -6*n - u. What is i(n)?
4
Let c(t) = -946437*t**2 - 9 + 946444*t**2 - 3*t - 4*t. What is c(-4)?
131
Let s(z) = 4 - 2*z**2 - 3*z**2 + 2*z**3 - 2 - 2*z - 3*z**3. Let p = -53 + 58. Suppose -2*m + 0*m = k + p, 5*k = -m + 2. Calculate s(m).
-10
Let k(v) be the first derivative of v**4/4 + 58*v**3/3 - 249*v**2/2 + 4*v + 3592. Give k(4).
0
Let x(a) = -599*a + 581. Let t be x(1). Let z(g) = 11*g + 202. What is z(t)?
4
Let a(h) = -2*h**3 + 3*h**2 - 3*h + 18. Let o(l) = 5*l**3 - 5*l**2 + 9*l - 41. Let i(x) = 7*a(x) + 3*o(x). Let g = -13 + 7. Determine i(g).
-33
Let u(y) = -y**3 + 6*y**2 + 24*y + 21. Suppose -z + 254 - 501 + 256 = 0. Calculate u(z).
-6
Let y(p) be the third derivative of 1/6*p**3 + 0 + 336*p**2 + 25/24*p**4 + 0*p. Let f(v) = v**3 + 4*v**2 + 2*v - 2. Let w be f(-3). Give y(w).
26
Let c(a) be the second derivative of a**5/20 + 3*a**4/4 - 5*a**3/3 + 3*a**2 + 4*a - 413. Suppose -5*l - 5*d = -3*d + 60, -2*d = -l. Calculate c(l).
6
Let i(c) = -2*c - 11. Let g(z) = -9*z - 65. Let s(u) = g(u) - 5*i(u). Let r(j) = 2*j**2 + 1. Let y be r(-2). Calculate s(y).
-1
Let g(r) be the first derivative of 9*r**4/8 - r**3/6 - 2*r**2 - 16*r + 93. Let n(v) be the second derivative of g(v). Calculate n(1).
26
Let r(h) = -h**3 - 6*h**2 + 6*h - 7. Let j(n) = n + 4. Let c be j(-4). Let q = -7595 + 7599. Suppose q*m - 12*m - 56 = c. Give r(m).
0
Let m(b) = 6 + 5 - 27 + 5 - 14*b + 4. Determine m(0).
-7
Let w(i) = i**3 + i**2 + 8*i + 12. Suppose -33*c = 202 - 103. Determine w(c).
-30
Let o(m) = 7*m - 1. Let p(n) = -23*n + 57. Let h be p(2). Suppose -14*r + h*r = 6. Determine o(r).
-15
Let h(a) = 215*a - 156. Let r(d) = 77*d - 52. Let y(w) = 5*h(w) - 14*r(w). Calculate y(-11).
-19
Let p(w) = 16*w**2 + 3*w + 7. Let q be 8 + -5 + (-5)/1. Give p(q).
65
Let p(v) = 92*v**3 - 51*v**3 - 40*v**3 + 2 + 4*v**2 + 0*v**2 + 3*v. What is p(-2)?
4
Let r(s) = 441*s - 3095. Let h be r(7). Let l(i) = -5*i - 22. Calculate l(h).
18
Let c be (-6)/4 - 286/(-44). Let t(u) = 2*u**2 - 9*u - 25. Let r(m) = -3*m**2 + 13*m + 38. Let k(f) = c*r(f) + 8*t(f). Calculate k(7).
-10
Let s(j) = j**2 - 8*j + 1. Let n be s(7). Let b(p) be the first derivative of -p**3/3 - 5*p**2/2 - 5*p - 10776. Calculate b(n).
-11
Let c(m) = -m**3 - 7*m**2 + 9*m + 7. Suppose 0 = 7*j + 67 + 95 - 106. What is c(j)?
-1
Let x(a) be the third derivative of a**5/60 + 3*a**4/4 + 7*a**3/6 - 5*a**2 + 275. Determine x(0).
7
Let g(u) = -31*u - 414 + 729 - 358 + 26*u. What is g(-5)?
-18
Let r(o) be the third derivative of -7*o**4/24 - 9*o**3/2 + 599*o**2 - 1. Give r(-8).
29
Let r be (-2)/(2 - 0)*4. Let u(k) be the first derivative of k**2 - 3*k + 2968. Give u(r).
-11
Let j(n) = n**3 + 9*n**2 - 3*n - 6. Let d = 4231 - 4239. Calculate j(d).
82
Suppose 5*w + 1 = 26. Let x(r) be the third derivative of -1/60*r**5 - r**2 + 6 + 5/24*r**4 + 0*r - r**3. Calculate x(w).
-6
Suppose -35*y = 31*y - 67*y - 6. Let t(s) be the third derivative of 0 - 1/4*s**4 - 5/6*s**3 + 2*s**2 + 0*s + 1/120*s**6 + 1/12*s**5. Calculate t(y).
-5
Let c(h) = -9*h - 189 - 79 - 175 - 137 + 320. Give c(-28).
-8
Suppose -q + 132 = -4*p, -110*q = -3*p - 111*q - 99. Let u(g) = g**2 + 28*g - 162. What is u(p)?
3
Let x be 7068/(-372) - -1*13. Let y(o) = 11*o - 22. Calculate y(x).
-88
Let q(o) = 2*o**2 - 31*o + 20. Let s = 1006 + -991. What is q(s)?
5
Suppose 124 + 44 = 21*l. Let x(t) be the first derivative of t**2 - 7*t - 60. What is x(l)?
9
Let l(h) = -2*h + 12. Let b be ((-44)/14 + 4)/(3/(-21)). Let z be 4/b + 2/(-9)*-48. Calculate l(z).
-8
Let i(o) = 13*o**3 - o - 1. Suppose 17*x - 170 = -0*x. Suppose -4*c = 3*v + 23, -2*v = 3*v + c + x. What is i(v)?
-13
Let l(r) = -3*r + 2. Let h be (-6)/3 - (14 + -12). Let q be (17/(-34))/((-2)/h). What is l(q)?
5
Suppose 3*p - 10 = j, -j + p = -0 + 6. Let k be j - (-2 + 1 - 3). Suppose k = -c + 2*c - 6. Let w(i) = -2*i + 8. Calculate w(c).
-4
Let l(g) = -g**3 - g**2 + 5*g + 4. Let f be -1 - (10 + -2 + -7). Give l(f).
-2
Let w(f) = -20*f**3 - 2*f**2 - 6*f + 1. Let r(t) = t - 2*t**3 - 2*t**3 + 7*t**3 - 2*t**3. Let c(s) = -6*r(s) - w(s). Let d = 15 + -14. What is c(d)?
15
Let z(j) = -103*j**3 + 104*j**3 + 6*j**2 - 4193*j - 1 + 4185*j. Suppose 0 = -8*l + 5*l - 21. Give z(l).
6
Let m(h) = 9*h**2 + 9*h**2 + 6*h**2 + 40 - 3*h - 25*h**2 + h. Calculate m(6).
-8
Let g(s) = 2*s**2 - 26*s + 9*s**2 - 8*s**2 - 4*s**2 + 23*s + 2. What is g(1)?
-2
Let h(l) = 15 - 5*l - 7*l - 8*l + 2*l**2. Suppose -r - 3*b = -9, -7*b + 6*b = -2*r + 18. What is h(r)?
-3
Let j(z) be the second derivative of 4*z + 1/2*z**3 + 0*z**2 - 2. Calculate j(-4).
-12
Let b(t) = 3*t**2 + 13*t. Let l(f) = 2*f**2 + 8*f + 1. Let z(s) = -s + 1. Let c(i) = -l(i) + z(i). Let v(n) = -5*b(n) - 7*c(n). Give v(-3).
-3
Let h(w) = -w**2 - 11*w - 5. Let b(m) = 2*m**2 + 16*m - 27. Let c(p) = -b(p) - h(p). Determine c(-6).
26
Let w(v) = -v**3 + 2*v**2 + 18*v - 35. Suppose -231*j + 717 - 515 + 722 = 0. Calculate w(j).
5
Let i(o) be the second derivative of 1/12*o**4 + 0 - o + 2/3*o**3 - 7/2*o**2. Let x = 4968 - 4974. Calculate i(x).
5
Let a(m) = 4 + m + 49*m**2 + 6*m - 50*m**2. What is a(8)?
-4
Let b(p) = 12*p + 21. Let f = 17782 + -17785. Give b(f).
-15
Let y(x) = x**2 - 9*x - 5. Let u = -61 - -89. Suppose 15 = n + u. Let t = 21 + n. Determine y(t).
-13
Let g(i) = -i**2 + 16*i + 46. Let o(h) = 20*h**2 - 6*h - 8. Let k be o(-1). Determine g(k).
10
Let n(d) be the second derivative of d**4/12 + d**3/2 + 19*d**2/2 - 4*d + 174. Give n(0).
19
Let t(s) = 2*s - 15. Let b(c) = c - 16. Let i(r) = -5*b(r) + 4*t(r). Suppose -324*k + 198*k = -186*k - 600. Calculate i(k).
-10
Let h(u) = 11*u + u**2 - 73 - 49 + 161. Determine h(0).
39
Let q be 4/(-6)*(-36)/8. Let u = 1 - q. Let x(v) be the third derivative of v**4/24 - v**2 + 847*v. Calculate x(u).
-2
Let d = -3 + 9. Let s(h) = 1 + h**2 + 178*h + 262*h - 448*h. What is s(d)?
-11
Let i(x) = x**3 - 3*x**2 + 2*x - 8. Let a(b) = -198*b - 195. Let q be a(-1). Give i(q).
-2
Let m = -171 + 174. Suppose -4*y - 6*l + 39 = -7*l, -m*l = -y + 7. Let b(v) = v**2 - 10*v + 4. What is b(y)?
4
Let m(o) = -o**3 - o**2 + 1. Let p(x) = 5*x**3 + 12*x**2 - x + 7. Let c(h) = -3*h - 44. Let f be c(-16). Let u(b) = f*m(b) + p(b). Determine u(-8).
19
Let s(d) = 2*d**2 + 2. Let k be 4 + 40/(-3 - 1). Let m = k - -1. Let j be (111/21 + m)/(1/7). Determine s(j).
10
Let m(o) = -4*o - 4. Let r(a) = -70*a - 75. Let k(h) = -55*m(h) + 3*r(h). What is k(-5)?
-55
Let q(m) = 63*m + 91. Let n(g) = -95*g - 229. Let i(w) = -5*n(w) - 8*q(w). What is i(14)?
11
Let o(w) be the second derivative of -13*w**4/6 - w**2/2 - 7*w + 1. Let p(z) = -z**2 - 11*z + 11. Let d be p(-12). Give o(d).
-27
Let h(w) = -w**3 - 7*w**2 - 5*w + 1. Let a(q) = -3*q. Let v be a(-2). Suppose -9*f = -v + 6. Suppose 9*i + 54 = -f*i. What is h(i)?
-5
Let b(h) = h**2 - 6*h - 15. Suppose -3*t - 2*w - w = -48, -4*t + 56 = -4*w. Let s be 1/(-2)*-21*10/t. What is b(s)?
-8
Let m(b) = -b**2 - 9*b - 6. Suppose -189 = -z - 6*z. Suppose 0*k = -5*k + 5*r + 15, 5*k - 2*r - z = 0. Suppose -6*j - k = 35. What is m(j)?
8
Let g(z) = 9*z**2 - 33*z + 6 - 16*z + 5*z + 11*z. What is g(3)?
-12
Suppose -50*l + 8 = -42*l. Let z(i) = -5*i. Let a be z(l). Let q(g) = g**2 + 7*g. What is q(a)?
-10
Suppose 2*b + 3*s = -20, 5*b + s + 19 = -5. Let q(d) be the first derivative of -d**3/3 + d**2/2 + 2*d + 2775. Calculate q(b).
-18
Let l(v) = -v**3 + 7*v**2 - v + 6. Suppose 5*s - 4*r = -0*r - 156, -68 = 2*s + 4*r. Suppose 25*h + 340 = -285. Let o = h - s. Calculate l(o).
-1
Let o(a) = a**3 + 15*a**2 + 13*a - 14. Let v be o(-14). Let u(i) be the second derivative of i**5/20 + i**4/12 + i**3/6 - 5*i**2/2 - 2*i - 91. What is u(v)?
-5
Let k(a) = 2*a**3 - 66*a**2 + 86*a - 701. Let z be k(32). Let o(y) = 12*y - 39. Give o(z).
-3
Let w(q) be the second derivative of -5/2*q**